 + n**3 + 3*n**2 + 5*n**2 + 12 - 5*n + 0*n. Let a be k(-9). Let l(r) = -r**2 + 8*r + a - 12 - r. What is l(8)?
1
Let o = -8 + 14. Let v(y) be the third derivative of -5/24*y**4 + 0*y + 1/120*y**6 - 1/12*y**5 - 25*y**2 + 0 - 1/3*y**3. Determine v(o).
4
Let p = -13002 + 13000. Let m(z) = -11*z**2 - 9*z - 5. Let y(h) = 5*h**2 + 4*h + 2. Let w(q) = 4*m(q) + 9*y(q). Give w(p).
2
Let w(z) be the second derivative of z**4/6 + z**3/3 + 3*z**2/2 + 2*z + 11. Give w(-2).
7
Let r(a) = -5*a + 27. Let t(y) = 6. Let j(h) = r(h) - t(h). Calculate j(7).
-14
Let w(p) = -3*p + 9. Suppose -5*b - 2*f = -5*f - 16, -f = -2*b + 7. What is w(b)?
-6
Let h(q) be the third derivative of q**5/60 - q**4/12 - q**3/6 + 336*q**2. Determine h(-2).
7
Suppose 0 = 2*r - 4*r + 12. Let l be (1/3)/(2/r). Let j be l/1 + (0 - -1). Let n(c) = c**2 - 2*c + 1. Determine n(j).
1
Let t(w) be the third derivative of w**5/60 - 5*w**4/24 + 5*w**3/6 - 25*w**2 + 7. What is t(4)?
1
Let h(c) = c**3 - 11*c**2 + 9*c + 12. Let q be h(10). Let y(d) = 1 - 279*d**q + 135*d**2 + 143*d**2 + 4*d + 2. Calculate y(5).
-2
Let d(i) = i**2 - 2*i - 2. Let m(j) = j**2 - 5*j - 2. Let l be m(-4). Suppose -2*v = -6*v - 8, 3*q + l = -5*v. Let w be 9/((-9)/4) - q. What is d(w)?
6
Let w(g) = 2*g. Let b be w(-3). Let q be ((-6)/2 - b) + -1. Let y(f) = 2*f**2. Let s(o) = -4*o**2 + o. Let z(m) = 3*s(m) + 5*y(m). Give z(q).
-2
Suppose -33 = -4*i + 5*b, 19*i = 22*i + 3*b + 9. Let w(m) = -12*m - 2. What is w(i)?
-26
Let u = -3 - -6. Let r = u - 1. Let f(t) = -2 - 3*t - t - r. Determine f(-3).
8
Let u(t) = -t**2 + 9*t + 27. Let r be u(10). Let m(y) = 3 + 3*y + 9 - r. Calculate m(5).
10
Let t(y) = y. Let p(n) = 4*n**2 - 9*n**2 + 1 + n**2 + n + 3*n**2. Let z(x) = -4*x**2 + 2. Let b(w) = 6*p(w) - z(w). Let u be b(3). Calculate t(u).
4
Let t(g) be the first derivative of g**5/20 - 2*g**4/3 + g**3 + 5*g**2 + 10*g - 9. Let u(f) be the first derivative of t(f). Give u(7).
3
Suppose -11 = 3*v - 23. Let n(f) = f**3 - 4*f**2 - 6*f + 3. Calculate n(v).
-21
Let h be (-21)/7 - (-2 + -1). Let s(r) = -3 - 2*r**2 - 3*r - r + h*r. Give s(-3).
-9
Suppose -2 = -2*v + v. Suppose 5*a = -5*s, -2*s = -3*a + v - 7. Let u(b) = 0*b - 14 - 10*b + b + 15. Calculate u(a).
10
Let l(y) = -y + 8. Let i be l(6). Let m be i/(-6) + (-112)/(-48). Suppose -2*j + 4*j + m = 0. Let b(r) = r**3 + r**2 - 1. Give b(j).
-1
Let p(v) = 4*v - 2. Let n = -23 + 24. Let s(y) = 12*y - 1 - 4 - 1 - n. Let k(j) = 11*p(j) - 4*s(j). Calculate k(4).
-10
Let n(i) = -2*i**2 - 15*i - 6. Let u(r) = 5*r - 42. Let d be u(7). Determine n(d).
1
Let j(s) = -s**2 - 3*s + 6. Let u be j(0). Let g(n) = 6 - 2*n**2 + n**2 + 6*n**2 + u*n - 6*n**2. Let i(y) = y + 1. Let k be i(5). Give g(k).
6
Let d = 27 + -6. Let h = d - 18. Let k(q) = -3*q - h + 4*q - 4*q + q**2 + 4. Calculate k(2).
-1
Let n(j) = -5*j**2 - j + 1. Let u(h) = 3*h**2 + 1. Let i be u(1). Suppose 3*w - 15 = 3*l, -3*w - 1 = -3*l + i*l. What is n(w)?
-5
Let f(l) = l**3 + 10*l**2 + 9*l - 10. Suppose 0 = 5*v + 2*p - 7*p + 70, 4*v + 26 = -2*p. Determine f(v).
-10
Let o(i) = -7 + 22*i + 1 - 36*i + 16*i. Determine o(3).
0
Let o(n) = 2*n - 1. Let p be o(2). Let h be (4/6)/(p/9). Let s(y) = 6 + 4*y + 2 - 5*y + y**2 + 0*y**h. What is s(0)?
8
Let t(p) = 2 - p + p**2 + 0*p + 0*p**2 - p**3. Let l = 11203 + -11201. What is t(l)?
-4
Let q(a) = -15*a - 153. Let y be q(-10). Let w(h) = -h**3 - 5*h**2 - 3*h - 2. What is w(y)?
-11
Let k = -11 - 17. Let i = k + 21. Let t(x) = -x - 11. Determine t(i).
-4
Suppose b - 4 = 4*y, 7*b - 9 = 9*y + 8*b. Let i(f) = 3*f**2 + f. Calculate i(y).
2
Let r(b) = 6*b**3 + 2*b**2 + 7*b + 5. Let c(p) = 5*p**3 + 3*p**2 + 6*p + 5. Let a(w) = -5*c(w) + 4*r(w). Let j be (-800)/480 + (-8)/(-6)*-4. Determine a(j).
9
Let g(f) = 595 - 567 - 2*f - f + 0*f + 2*f. Calculate g(10).
18
Let y(q) be the first derivative of q**4/8 + 5*q**3/6 + q**2 - 6. Let z(c) be the second derivative of y(c). Calculate z(-4).
-7
Let l(j) = -11*j**3 + j**2 - j + 1. Let s(v) = -v**2 - 4*v + 10. Let k be s(-6). Let z be (0 + 3)*(-2)/k. Suppose 4 = 2*n - w, 2 = 3*n - w - z. What is l(n)?
-10
Let g(w) = -w**3 - w**2 + w + 2. Let t be g(-1). Let m(b) = 3*b**2 - b. Give m(t).
2
Let x(s) be the third derivative of s**6/120 - s**5/15 - s**4/4 - s**3/6 - s**2. Let b = 310 + -2. Let i be 1 + (4/(-10) - b/(-70)). Give x(i).
-6
Let q(w) = 2*w - 3. Let z(o) = -o + 2. Let v(y) = 3*q(y) + 5*z(y). Suppose -17*r + 24*r = -42. Determine v(r).
-5
Let n(r) be the second derivative of -r**3/6 - r**2/2 + 53*r + 2. Calculate n(-1).
0
Let a(d) = 2*d - 3. Let n(g) = -g**2 + g + 34. Let q be n(6). Calculate a(q).
5
Suppose -y = -3*w + 6, w + 2*y = 4*w - 3. Let d(u) be the third derivative of 0 + 0*u + u**2 - 1/2*u**w - 1/12*u**4. Determine d(4).
-11
Let y(g) = g**3 - 4*g**2 - 5*g. Let r(b) be the third derivative of -b**6/120 + b**5/15 + 5*b**4/24 - b**3/6 + 21*b**2. Let o(z) = 2*r(z) + 3*y(z). Give o(5).
-2
Let k(b) = -b**2 + b + 33. Let r = 598 - 598. Determine k(r).
33
Let b(i) = -4*i - 20. Let f be b(-10). Let d(s) = 38*s**2 - 1 + s - 20*s**2 - f*s**2 + s**3. Determine d(3).
11
Let v = 3 + 7. Let n(f) = 17 - v*f**2 + 11*f**2 + 0. What is n(0)?
17
Let i(j) be the second derivative of -j**3/3 + 3*j**2/2 - 3*j. Suppose -2*r - 4 = -4*r. Suppose -8 = r*m - 4*m. Give i(m).
-5
Let q(d) = d - 6. Let i be q(6). Suppose i*p - p = 5. Let f(m) = m**2 + 87*m**3 - 86*m**3 + 4 + 2*m**2 + 2*m**2. What is f(p)?
4
Let j(x) = -x - 3*x + 1469 - 1463 + x**2. What is j(4)?
6
Suppose 23*t + 36 = -79. Let c(r) = -2*r**2 - 8*r - 4. Calculate c(t).
-14
Let j(a) = -a**3 + 3*a**2 - a - 1. Suppose 15*y + 13*y = 112. What is j(y)?
-21
Let v(h) = -h + 3. Suppose 31*x = 23*x - 24. What is v(x)?
6
Let x(f) be the first derivative of f**4/4 - 4*f**3/3 - 5*f**2/2 - 6*f - 2. Let j be -3*1 - (10 - 13 - 5). Determine x(j).
-6
Let n(b) be the second derivative of b**3/6 + 3*b**2/2 - 29*b. Determine n(3).
6
Let g(d) = -11*d**3 - 4*d**2 + 2*d. Let q(v) = 6*v**3 + 2*v**2 - v. Let t(c) = -4*g(c) - 7*q(c). Let n(k) = -k**2 + 4*k + 286. Let r be n(19). Calculate t(r).
3
Let x(v) = 5*v**3 + 0*v**3 - 3*v - 7*v**3 - 1 + v**3 - 3*v**2. Calculate x(-2).
1
Let s(u) = u**2 - 10*u + 7. Let p = -804 - -813. Calculate s(p).
-2
Let q(x) be the second derivative of -3*x**4/4 - x**3/6 - x**2/2 - 599*x. What is q(2)?
-39
Let i(c) = c**3 + 4*c**2 + 4*c - 1. Let r(f) = f**2 + 7 + 40*f - 82*f + 35*f. Let k be r(5). Calculate i(k).
-4
Let i(w) = w**2 + 9*w + 12. Let z(o) = 20*o**3 - o**2 - o - 1. Let a be z(-1). Let t = 13 + a. Give i(t).
4
Let c = 9 - 13. Let w = 8 + c. Let a(u) = 3*u**2 - w*u**2 + 1 + 1 - 3*u + 1. Calculate a(-4).
-1
Let t(c) = c**3 + c**2. Suppose -25 - 17 = 7*l. Let n be (0 - (-1 + 4)) + l. Let k = n + 9. Give t(k).
0
Let p(w) = -6*w + 2. Let n be p(2). Let q be 130/(-25) + (-2)/n. Let i(m) = -4 + 50*m - 51*m + 5. What is i(q)?
6
Suppose -3*b = n - 12, -n + 2*b + 6 = 3*n. Let o be (5 - n - -3)/(-1). Let w(f) = f**3 + 5*f**2 - 3*f. Determine w(o).
15
Let y(z) = -z**2 + 6*z - 3. Let l be 5 - 1 - (-13)/(52/8). What is y(l)?
-3
Let d(m) = 4*m**3 - 3*m**2 - m - 11. Let r be (-8)/52 + 37/(-13). Let b(n) = -7*n**3 + 5*n**2 + 2*n + 22. Let y(w) = r*b(w) - 5*d(w). Give y(0).
-11
Suppose 0*x = 5*m + 3*x - 13, -m - 4*x = -6. Let k(j) = -m + 0*j + 2*j - 2 + 3. Give k(2).
3
Suppose -90 - 81 = -9*h. Suppose -h = 3*z - 4*o, -2*z + 3*z + o - 3 = 0. Let u(v) = -3*v**3 + 2*v**2 + 2*v + 1. Calculate u(z).
4
Let y(p) be the first derivative of p**3/3 - 3*p**2 + 10*p - 27. Give y(4).
2
Suppose -4*y + v = -609, 5*y - 2*v - 463 = 2*y. Let g(i) = 151 - y - i**2. Determine g(-2).
-4
Let t(y) = -2*y**3 + 3*y**2 - 1. Let v be 18/3 + 2 - 0. Let c be 3/(-3) + (1 - v). Let k = c + 10. Calculate t(k).
-5
Let i = -58 - -54. Let n(t) = -6*t**2 + 5*t + 2. Let k(b) = -5*b**2 + 5*b + 1. Let h(u) = i*k(u) + 3*n(u). Determine h(3).
5
Let n(f) be the second derivative of -f**5/10 - f**3/6 + 3*f - 14. What is n(-1)?
3
Suppose -7*d + 8 = -3*d. Let c(z) be the second derivative of 1/6*z**4 - 53*z + 0 + 0*z**3 - z**2. Calculate c(d).
6
Suppose 4*d = 8*d + 12. Let l(s) = 2*s + 11. Let r be l(d). Let f(g) be the third derivative of -g**5/60 + g**4/4 - 7*g**3/6 + 2*g**2. Calculate f(r).
-2
Let k(f) = -10*f + 9 - 12*f**2 - 81*f**2 + 92*f**2. Determine k(-12